er when 87 is divided by 35?
17
What is the remainder when 482 is divided by 64?
34
Calculate the remainder when 11923 is divided by 75.
73
What is the remainder when 167 is divided by 48?
23
What is the remainder when 2602 is divided by 186?
184
What is the remainder when 88 is divided by 5?
3
Calculate the remainder when 628 is divided by 93.
70
What is the remainder when 4610 is divided by 419?
1
Calculate the remainder when 63 is divided by 24.
15
Calculate the remainder when 15246 is divided by 79.
78
Calculate the remainder when 174 is divided by 45.
39
What is the remainder when 274 is divided by 6?
4
What is the remainder when 247 is divided by 17?
9
Calculate the remainder when 65 is divided by 23.
19
Calculate the remainder when 6166 is divided by 22.
6
Calculate the remainder when 2571 is divided by 30.
21
What is the remainder when 8553 is divided by 31?
28
Calculate the remainder when 755 is divided by 189.
188
What is the remainder when 1149 is divided by 13?
5
Calculate the remainder when 316 is divided by 36.
28
Calculate the remainder when 765 is divided by 16.
13
Calculate the remainder when 247 is divided by 41.
1
What is the remainder when 44 is divided by 27?
17
Calculate the remainder when 1640 is divided by 333.
308
Calculate the remainder when 422 is divided by 6.
2
Calculate the remainder when 695 is divided by 104.
71
Calculate the remainder when 725 is divided by 254.
217
What is the remainder when 158 is divided by 32?
30
Calculate the remainder when 57 is divided by 55.
2
What is the remainder when 29 is divided by 10?
9
Calculate the remainder when 42 is divided by 25.
17
Calculate the remainder when 472 is divided by 32.
24
Calculate the remainder when 58 is divided by 15.
13
Calculate the remainder when 1897 is divided by 60.
37
What is the remainder when 1971 is divided by 982?
7
Calculate the remainder when 8527 is divided by 4258.
11
What is the remainder when 2974 is divided by 13?
10
What is the remainder when 5333 is divided by 14?
13
What is the remainder when 502 is divided by 14?
12
What is the remainder when 94 is divided by 44?
6
Calculate the remainder when 117 is divided by 37.
6
Calculate the remainder when 120 is divided by 62.
58
What is the remainder when 9237 is divided by 154?
151
Calculate the remainder when 1258 is divided by 28.
26
Calculate the remainder when 347 is divided by 13.
9
What is the remainder when 522 is divided by 14?
4
What is the remainder when 2673 is divided by 76?
13
What is the remainder when 246 is divided by 50?
46
What is the remainder when 889 is divided by 99?
97
What is the remainder when 393 is divided by 101?
90
Calculate the remainder when 41 is divided by 23.
18
What is the remainder when 706 is divided by 336?
34
What is the remainder when 10707 is divided by 63?
60
Calculate the remainder when 700 is divided by 149.
104
What is the remainder when 27553 is divided by 33?
31
Calculate the remainder when 747 is divided by 15.
12
What is the remainder when 598 is divided by 100?
98
Calculate the remainder when 107 is divided by 37.
33
Calculate the remainder when 176 is divided by 35.
1
What is the remainder when 5790 is divided by 111?
18
Calculate the remainder when 221 is divided by 107.
7
Calculate the remainder when 116 is divided by 47.
22
What is the remainder when 289 is divided by 20?
9
What is the remainder when 193 is divided by 176?
17
Calculate the remainder when 781 is divided by 87.
85
Calculate the remainder when 27 is divided by 10.
7
What is the remainder when 163 is divided by 58?
47
What is the remainder when 4335 is divided by 290?
275
What is the remainder when 115 is divided by 56?
3
Calculate the remainder when 270 is divided by 83.
21
Calculate the remainder when 1094 is divided by 37.
21
Calculate the remainder when 124 is divided by 46.
32
What is the remainder when 145 is divided by 62?
21
Calculate the remainder when 139 is divided by 78.
61
Calculate the remainder when 406 is divided by 41.
37
What is the remainder when 81 is divided by 31?
19
Calculate the remainder when 283 is divided by 41.
37
What is the remainder when 3565 is divided by 16?
13
Calculate the remainder when 871 is divided by 19.
16
What is the remainder when 3727 is divided by 62?
7
Calculate the remainder when 865 is divided by 71.
13
What is the remainder when 67 is divided by 12?
7
Calculate the remainder when 10105 is divided by 17.
7
What is the remainder when 23 is divided by 14?
9
What is the remainder when 73 is divided by 28?
17
Calculate the remainder when 1503 is divided by 58.
53
What is the remainder when 326 is divided by 82?
80
What is the remainder when 573 is divided by 23?
21
What is the remainder when 545 is divided by 21?
20
Calculate the remainder when 101 is divided by 50.
1
What is the remainder when 1498 is divided by 47?
41
Calculate the remainder when 180 is divided by 14.
12
Calculate the remainder when 191 is divided by 48.
47
Calculate the remainder when 1582 is divided by 12.
10
Calculate the remainder when 1065 is divided by 81.
12
Calculate the remainder when 387 is divided by 65.
62
What is the remainder when 269 is divided by 5?
4
What is the remainder when 820 is divided by 2?
0
Calculate the remainder when 2676 is divided by 133.
16
What is the remainder when 443 is divided by 164?
115
What is the remainder when 194 is divided by 7?
5
Calculate the remainder when 209 is divided by 25.
9
Calculate the remainder when 595 is divided by 197.
4
Calculate the remainder when 76 is divided by 42.
34
Calculate the remainder when 187 is divided by 38.
35
Calculate the remainder when 7872 is divided by 63.
60
What is the remainder when 1267 is divided by 17?
9
Calculate the remainder when 1049 is divided by 499.
51
Calculate the remainder when 8171 is divided by 29.
22
Calculate the remainder when 157 is divided by 9.
4
What is the remainder when 2168 is divided by 5?
3
What is the remainder when 463 is divided by 47?
40
What is the remainder when 26518 is divided by 255?
253
Calculate the remainder when 146 is divided by 33.
14
What is the remainder when 390 is divided by 79?
74
What is the remainder when 645 is divided by 108?
105
Calculate the remainder when 4135 is divided by 22.
21
What is the remainder when 571 is divided by 23?
19
What is the remainder when 2736 is divided by 83?
80
Calculate the remainder when 2502 is divided by 38.
32
What is the remainder when 266 is divided by 67?
65
Calculate the remainder when 5614 is divided by 12.
10
What is the remainder when 2791 is divided by 18?
1
Calculate the remainder when 11474 is divided by 23.
20
What is the remainder when 449 is divided by 6?
5
Calculate the remainder when 2496 is divided by 10.
6
Calculate the remainder when 1245 is divided by 79.
60
What is the remainder when 249 is divided by 65?
54
Calculate the remainder when 592 is divided by 119.
116
What is the remainder when 1247 is divided by 52?
51
Calculate the remainder when 437 is divided by 10.
7
What is the remainder when 1239 is divided by 411?
6
What is the remainder when 73 is divided by 47?
26
What is the remainder when 647 is divided by 321?
5
Calculate the remainder when 97 is divided by 54.
43
What is the remainder when 1467 is divided by 212?
195
What is the remainder when 66 is divided by 12?
6
Calculate the remainder when 25 is divided by 12.
1
What is the remainder when 253 is divided by 122?
9
What is the remainder when 1352 is divided by 450?
2
Calculate the remainder when 2720 is divided by 44.
36
What is the remainder when 11037 is divided by 3?
0
Calculate the remainder when 504 is divided by 465.
39
What is the remainder when 320 is divided by 40?
0
What is the remainder when 110 is divided by 16?
14
Calculate the remainder when 1063 is divided by 97.
93
What is the remainder when 301 is divided by 141?
19
What is the remainder when 17144 is divided by 245?
239
Calculate the remainder when 66 is divided by 15.
6
What is the remainder when 1947 is divided by 34?
9
Calculate the remainder when 121 is divided by 20.
1
Calculate the remainder when 783 is divided by 215.
138
Calculate the remainder when 734 is divided by 182.
6
What is the remainder when 128 is divided by 66?
62
Calculate the remai